{"id":77,"date":"2025-10-21T13:35:34","date_gmt":"2025-10-21T13:35:34","guid":{"rendered":"https:\/\/fuckthemchecker.ch\/?page_id=77"},"modified":"2026-02-10T15:31:16","modified_gmt":"2026-02-10T15:31:16","slug":"praesenz","status":"publish","type":"page","link":"https:\/\/fuckthemchecker.ch\/?page_id=77","title":{"rendered":""},"content":{"rendered":"\n<h4 class=\"wp-block-heading\">Marc Dutroux und Jeffrey Epstein: Parallelen und Spekulationen<\/h4>\n\n\n\n<div class=\"wp-block-columns is-layout-flex wp-container-core-columns-is-layout-28f84493 wp-block-columns-is-layout-flex\">\n<div class=\"wp-block-column is-layout-flow wp-block-column-is-layout-flow\">\n<figure class=\"wp-block-image size-full\"><img fetchpriority=\"high\" decoding=\"async\" width=\"1024\" height=\"1024\" src=\"https:\/\/fuckthemchecker.ch\/wp-content\/uploads\/2026\/02\/Der-Epstein-Komplex.png\" alt=\"\" class=\"wp-image-321\" srcset=\"https:\/\/fuckthemchecker.ch\/wp-content\/uploads\/2026\/02\/Der-Epstein-Komplex.png 1024w, https:\/\/fuckthemchecker.ch\/wp-content\/uploads\/2026\/02\/Der-Epstein-Komplex-300x300.png 300w, https:\/\/fuckthemchecker.ch\/wp-content\/uploads\/2026\/02\/Der-Epstein-Komplex-150x150.png 150w, https:\/\/fuckthemchecker.ch\/wp-content\/uploads\/2026\/02\/Der-Epstein-Komplex-768x768.png 768w\" sizes=\"(max-width: 1024px) 100vw, 1024px\" \/><\/figure>\n<\/div>\n\n\n\n<div class=\"wp-block-column is-layout-flow wp-block-column-is-layout-flow\">\n<p>Das Thema um Jeffrey Epstein und sein Netzwerk mit globalen Eliten ist komplex, gepr\u00e4gt von juristischen Fakten, aber auch von zahlreichen Spekulationen. Um die Struktur dieses Netzwerks zu verstehen, hilft eine Aufarbeitung der verschiedenen Akteursgruppen.<br>Auch die Parallelen zum Fall &#8222;Marc Dutroux&#8220; lassen aufhorchen.<\/p>\n<\/div>\n<\/div>\n\n\n\n<figure class=\"wp-block-audio\"><audio controls src=\"https:\/\/fuckthemchecker.ch\/wp-content\/uploads\/2026\/02\/Das_Erpressungssystem_hinter_Epstein_und_Dutroux-1.mp3\"><\/audio><\/figure>\n\n\n\n<hr class=\"wp-block-separator has-alpha-channel-opacity\"\/>\n\n\n\n<h4 class=\"wp-block-heading\">Der Petrodollar-Krieg: Wie W\u00e4hrungspolitik Regimewechsel im Nahen Osten mitbestimmte<\/h4>\n\n\n\n<div class=\"wp-block-columns is-layout-flex wp-container-core-columns-is-layout-28f84493 wp-block-columns-is-layout-flex\">\n<div class=\"wp-block-column is-layout-flow wp-block-column-is-layout-flow\">\n<figure class=\"wp-block-image size-full\"><img decoding=\"async\" width=\"1024\" height=\"1024\" src=\"https:\/\/fuckthemchecker.ch\/wp-content\/uploads\/2026\/02\/Der-Petrodollar-und-seine-Stellvertreterkriege.png\" alt=\"\" class=\"wp-image-315\" srcset=\"https:\/\/fuckthemchecker.ch\/wp-content\/uploads\/2026\/02\/Der-Petrodollar-und-seine-Stellvertreterkriege.png 1024w, https:\/\/fuckthemchecker.ch\/wp-content\/uploads\/2026\/02\/Der-Petrodollar-und-seine-Stellvertreterkriege-300x300.png 300w, https:\/\/fuckthemchecker.ch\/wp-content\/uploads\/2026\/02\/Der-Petrodollar-und-seine-Stellvertreterkriege-150x150.png 150w, https:\/\/fuckthemchecker.ch\/wp-content\/uploads\/2026\/02\/Der-Petrodollar-und-seine-Stellvertreterkriege-768x768.png 768w\" sizes=\"(max-width: 1024px) 100vw, 1024px\" \/><\/figure>\n<\/div>\n\n\n\n<div class=\"wp-block-column is-layout-flow wp-block-column-is-layout-flow\">\n<p>Als Saddam Hussein im November 2000 ank\u00fcndigte, irakisches \u00d6l k\u00fcnftig in Euro statt Dollar abrechnen zu wollen, mag das wie eine rein wirtschaftliche Entscheidung geklungen haben. Doch weniger als drei Jahre sp\u00e4ter stand das Land unter US-amerikanischer Besatzung. Muammar al-Gaddafi plante 2011 einen goldgedeckten \u201eDinar&#8220; als panafrikanische W\u00e4hrung f\u00fcr den \u00d6lhandel \u2013 kurz darauf wurde Libyen von der NATO bombardiert. <\/p>\n<\/div>\n<\/div>\n\n\n\n<figure class=\"wp-block-audio\"><audio controls src=\"https:\/\/fuckthemchecker.ch\/wp-content\/uploads\/2026\/02\/Die_Wahrheit_ueber_Dollar_Kriege_Irak_Libyen_Venezuela.mp3\"><\/audio><\/figure>\n\n\n\n<hr class=\"wp-block-separator has-alpha-channel-opacity\"\/>\n\n\n\n<h4 class=\"wp-block-heading\">Die Stunde Null: Wie Amerika am Abgrund eines neuen B\u00fcrgerkriegs taumelt<\/h4>\n\n\n\n<div class=\"wp-block-columns is-layout-flex wp-container-core-columns-is-layout-28f84493 wp-block-columns-is-layout-flex\">\n<div class=\"wp-block-column is-layout-flow wp-block-column-is-layout-flow\">\n<figure class=\"wp-block-image size-full\"><img decoding=\"async\" width=\"1024\" height=\"1024\" src=\"https:\/\/fuckthemchecker.ch\/wp-content\/uploads\/2026\/02\/us_civilisation-war.png\" alt=\"\" class=\"wp-image-313\" srcset=\"https:\/\/fuckthemchecker.ch\/wp-content\/uploads\/2026\/02\/us_civilisation-war.png 1024w, https:\/\/fuckthemchecker.ch\/wp-content\/uploads\/2026\/02\/us_civilisation-war-300x300.png 300w, https:\/\/fuckthemchecker.ch\/wp-content\/uploads\/2026\/02\/us_civilisation-war-150x150.png 150w, https:\/\/fuckthemchecker.ch\/wp-content\/uploads\/2026\/02\/us_civilisation-war-768x768.png 768w\" sizes=\"(max-width: 1024px) 100vw, 1024px\" \/><\/figure>\n<\/div>\n\n\n\n<div class=\"wp-block-column is-layout-flow wp-block-column-is-layout-flow\">\n<p>Wenn die Geschichte sich reimt: <br>Von <strong>Petrograd 1917<\/strong> zu <strong>Minneapolis 2025<\/strong><br>Der B\u00fcrgerkrieg 2.0 hat in den USA bereits begonnen \u2013 in Form einer gut finanzierten linksradikalen Rebellion, \u00e4hnlich wie 1917 in Russland. Die Reaktion konservativer Organisationen war bisher wenig beeindruckend.<\/p>\n<\/div>\n<\/div>\n\n\n\n<figure class=\"wp-block-audio\"><audio controls src=\"https:\/\/fuckthemchecker.ch\/wp-content\/uploads\/2026\/02\/Die_Blaupause_fuer_den_zweiten_US-Buergerkrieg.mp3\"><\/audio><\/figure>\n\n\n\n<hr class=\"wp-block-separator has-alpha-channel-opacity\"\/>\n\n\n\n<h4 class=\"wp-block-heading\">Die neue Energie-Front: Gr\u00fcner Wasserstoff und das Echo des Kolonialismus<\/h4>\n\n\n\n<div class=\"wp-block-columns is-layout-flex wp-container-core-columns-is-layout-28f84493 wp-block-columns-is-layout-flex\">\n<div class=\"wp-block-column is-layout-flow wp-block-column-is-layout-flow\">\n<figure class=\"wp-block-image size-full\"><img loading=\"lazy\" decoding=\"async\" width=\"1024\" height=\"1024\" src=\"https:\/\/fuckthemchecker.ch\/wp-content\/uploads\/2026\/02\/Oeko_Kolonialismus.png\" alt=\"\" class=\"wp-image-319\" srcset=\"https:\/\/fuckthemchecker.ch\/wp-content\/uploads\/2026\/02\/Oeko_Kolonialismus.png 1024w, https:\/\/fuckthemchecker.ch\/wp-content\/uploads\/2026\/02\/Oeko_Kolonialismus-300x300.png 300w, https:\/\/fuckthemchecker.ch\/wp-content\/uploads\/2026\/02\/Oeko_Kolonialismus-150x150.png 150w, https:\/\/fuckthemchecker.ch\/wp-content\/uploads\/2026\/02\/Oeko_Kolonialismus-768x768.png 768w\" sizes=\"(max-width: 1024px) 100vw, 1024px\" \/><\/figure>\n<\/div>\n\n\n\n<div class=\"wp-block-column is-layout-flow wp-block-column-is-layout-flow\">\n<p>Zwischen Klimarettung und Ressourcenraub: W\u00e4hrend Europa seine \u201eGreen Deal\u201c-Ziele auf dem afrikanischen Kontinent sichern will, w\u00e4chst die Sorge, dass unter dem Deckmantel der Nachhaltigkeit alte Ausbeutungsmuster neu belebt werden.<\/p>\n<\/div>\n<\/div>\n\n\n\n<figure class=\"wp-block-audio\"><audio controls src=\"https:\/\/fuckthemchecker.ch\/wp-content\/uploads\/2026\/02\/Gruener_Kolonialismus_Macht_und_Wasserstoff_in_Afrika_1.mp3\"><\/audio><\/figure>\n\n\n\n<h4 class=\"wp-block-heading\">Das hei\u00dfe Klima und der Kalte Krieg.<\/h4>\n\n\n\n<div class=\"wp-block-columns is-layout-flex wp-container-core-columns-is-layout-28f84493 wp-block-columns-is-layout-flex\">\n<div class=\"wp-block-column is-layout-flow wp-block-column-is-layout-flow\">\n<figure class=\"wp-block-image size-full\"><img loading=\"lazy\" decoding=\"async\" width=\"1024\" height=\"1024\" src=\"https:\/\/fuckthemchecker.ch\/wp-content\/uploads\/2025\/10\/Gemini_Generated_Image_376ys8376ys8376y.png\" alt=\"\" class=\"wp-image-170\" srcset=\"https:\/\/fuckthemchecker.ch\/wp-content\/uploads\/2025\/10\/Gemini_Generated_Image_376ys8376ys8376y.png 1024w, https:\/\/fuckthemchecker.ch\/wp-content\/uploads\/2025\/10\/Gemini_Generated_Image_376ys8376ys8376y-300x300.png 300w, https:\/\/fuckthemchecker.ch\/wp-content\/uploads\/2025\/10\/Gemini_Generated_Image_376ys8376ys8376y-150x150.png 150w, https:\/\/fuckthemchecker.ch\/wp-content\/uploads\/2025\/10\/Gemini_Generated_Image_376ys8376ys8376y-768x768.png 768w\" sizes=\"(max-width: 1024px) 100vw, 1024px\" \/><\/figure>\n<\/div>\n\n\n\n<div class=\"wp-block-column is-layout-flow wp-block-column-is-layout-flow\">\n<p>Mit dem Fall der Mauer 1989 endete die \u00c4ra des <strong>Kalten Krieges. <\/strong>F\u00fcr eine globale R\u00fcstungs- und Kriegsindustrie stellte sich die Zukunftsfrage. <br>Kurz davor und danach -mit der Gr\u00fcndung des Weltklimarats (<strong>IPCC<\/strong>) 1988 und dem Erdgipfel in <strong>Rio 1992<\/strong>&#8211; r\u00fcckte eine neue, universelle Bedrohung in den Fokus der Weltpolitik: der globale <strong>Klimawandel<\/strong>.<\/p>\n<\/div>\n<\/div>\n\n\n\n<figure class=\"wp-block-audio\"><audio controls src=\"https:\/\/fuckthemchecker.ch\/wp-content\/uploads\/2025\/10\/Klimawandel_als_Kalter-Krieg-Ersatz__Die_geopolitische_und_oekon-_1_.mp3\"><\/audio><\/figure>\n\n\n\n<hr class=\"wp-block-separator has-alpha-channel-opacity\"\/>\n\n\n\n<h4 class=\"wp-block-heading\">Die EU: Irrweg oder Wegbereiter?<\/h4>\n\n\n\n<div class=\"wp-block-columns is-layout-flex wp-container-core-columns-is-layout-28f84493 wp-block-columns-is-layout-flex\">\n<div class=\"wp-block-column is-layout-flow wp-block-column-is-layout-flow\">\n<figure class=\"wp-block-image size-full\"><img loading=\"lazy\" decoding=\"async\" width=\"1024\" height=\"1024\" src=\"https:\/\/fuckthemchecker.ch\/wp-content\/uploads\/2025\/10\/Gemini_Generated_Image_aykk7laykk7laykk.png\" alt=\"\" class=\"wp-image-173\" srcset=\"https:\/\/fuckthemchecker.ch\/wp-content\/uploads\/2025\/10\/Gemini_Generated_Image_aykk7laykk7laykk.png 1024w, https:\/\/fuckthemchecker.ch\/wp-content\/uploads\/2025\/10\/Gemini_Generated_Image_aykk7laykk7laykk-300x300.png 300w, https:\/\/fuckthemchecker.ch\/wp-content\/uploads\/2025\/10\/Gemini_Generated_Image_aykk7laykk7laykk-150x150.png 150w, https:\/\/fuckthemchecker.ch\/wp-content\/uploads\/2025\/10\/Gemini_Generated_Image_aykk7laykk7laykk-768x768.png 768w\" sizes=\"(max-width: 1024px) 100vw, 1024px\" \/><\/figure>\n<\/div>\n\n\n\n<div class=\"wp-block-column is-layout-flow wp-block-column-is-layout-flow\">\n<p>W\u00e4hrend nahezu auf dem gesamten Globus \u00fcber Z\u00f6lle, Rohstoffe und Milit\u00e4r gestritten wird, inszeniert die EU die Definition globaler Spielregeln. <br>Vom Datenschutz (<strong>DSGVO<\/strong>) und <strong>EU AI Act<\/strong> bis zum Klimaschutz \u2013 wer auf dem reichsten Markt der Welt agieren will, tanzt nach Br\u00fcsseler Pfeife- oder biegt sich vor Lachen&#8230;<\/p>\n<\/div>\n<\/div>\n\n\n\n<figure class=\"wp-block-audio\"><audio controls src=\"https:\/\/fuckthemchecker.ch\/wp-content\/uploads\/2025\/10\/EU-Ausverkauf_oder_Resilienz-Turbo__Die_Experten-Debatte_ueber_d-_2_.mp3\"><\/audio><\/figure>\n\n\n\n<hr class=\"wp-block-separator has-alpha-channel-opacity\"\/>\n\n\n\n<h4 class=\"wp-block-heading\">Souver\u00e4nit\u00e4t aus der Cloud: Wie &#8222;Network States&#8220; die traditionelle Weltordnung herausfordern.<\/h4>\n\n\n\n<div class=\"wp-block-columns is-layout-flex wp-container-core-columns-is-layout-28f84493 wp-block-columns-is-layout-flex\">\n<div class=\"wp-block-column is-layout-flow wp-block-column-is-layout-flow\">\n<figure class=\"wp-block-image size-full\"><img loading=\"lazy\" decoding=\"async\" width=\"1024\" height=\"1024\" src=\"https:\/\/fuckthemchecker.ch\/wp-content\/uploads\/2025\/10\/Gemini_Generated_Image_tkjz3ytkjz3ytkjz.png\" alt=\"\" class=\"wp-image-242\" srcset=\"https:\/\/fuckthemchecker.ch\/wp-content\/uploads\/2025\/10\/Gemini_Generated_Image_tkjz3ytkjz3ytkjz.png 1024w, https:\/\/fuckthemchecker.ch\/wp-content\/uploads\/2025\/10\/Gemini_Generated_Image_tkjz3ytkjz3ytkjz-300x300.png 300w, https:\/\/fuckthemchecker.ch\/wp-content\/uploads\/2025\/10\/Gemini_Generated_Image_tkjz3ytkjz3ytkjz-150x150.png 150w, https:\/\/fuckthemchecker.ch\/wp-content\/uploads\/2025\/10\/Gemini_Generated_Image_tkjz3ytkjz3ytkjz-768x768.png 768w\" sizes=\"(max-width: 1024px) 100vw, 1024px\" \/><\/figure>\n<\/div>\n\n\n\n<div class=\"wp-block-column is-layout-flow wp-block-column-is-layout-flow\">\n<p>Eine Nation, gegr\u00fcndet in der Cloud statt auf einem Kontinent: Das ist die k\u00fchne Vision der &#8222;Network States&#8220;. Diese digital organisierten Gemeinschaften, oft verbunden durch Blockchain und eine gemeinsame Ideologie, definieren Souver\u00e4nit\u00e4t neu. Sie beginnen als Online-Gesellschaft, akquirieren dezentralisiertes physisches Territorium und streben nach diplomatischer Anerkennung. <\/p>\n<\/div>\n<\/div>\n\n\n\n<figure class=\"wp-block-audio\"><audio controls src=\"https:\/\/fuckthemchecker.ch\/wp-content\/uploads\/2025\/10\/Network_States_vs-_1_-1.mp3\"><\/audio><\/figure>\n\n\n\n<hr class=\"wp-block-separator has-alpha-channel-opacity\"\/>\n\n\n\n<h4 class=\"wp-block-heading\">Die Entfaltung des Individuums und der  neue &#8222;Tribalismus&#8220;.<\/h4>\n\n\n\n<div class=\"wp-block-columns is-layout-flex wp-container-core-columns-is-layout-28f84493 wp-block-columns-is-layout-flex\">\n<div class=\"wp-block-column is-layout-flow wp-block-column-is-layout-flow\">\n<figure class=\"wp-block-image size-full\"><img loading=\"lazy\" decoding=\"async\" width=\"1024\" height=\"1024\" src=\"https:\/\/fuckthemchecker.ch\/wp-content\/uploads\/2025\/10\/Gemini_Generated_Image_m14i9tm14i9tm14i.png\" alt=\"\" class=\"wp-image-245\" srcset=\"https:\/\/fuckthemchecker.ch\/wp-content\/uploads\/2025\/10\/Gemini_Generated_Image_m14i9tm14i9tm14i.png 1024w, https:\/\/fuckthemchecker.ch\/wp-content\/uploads\/2025\/10\/Gemini_Generated_Image_m14i9tm14i9tm14i-300x300.png 300w, https:\/\/fuckthemchecker.ch\/wp-content\/uploads\/2025\/10\/Gemini_Generated_Image_m14i9tm14i9tm14i-150x150.png 150w, https:\/\/fuckthemchecker.ch\/wp-content\/uploads\/2025\/10\/Gemini_Generated_Image_m14i9tm14i9tm14i-768x768.png 768w\" sizes=\"(max-width: 1024px) 100vw, 1024px\" \/><\/figure>\n<\/div>\n\n\n\n<div class=\"wp-block-column is-layout-flow wp-block-column-is-layout-flow\">\n<p>Die Frage, ob die westliche Welt sich so stark individualisieren k\u00f6nnte, dass sich wieder St\u00e4mme Gleichgesinnter bilden, ist faszinierend und komplex- und nur auf den ersten Blick widerspr\u00fcchlich.<br>Tats\u00e4chlich gibt es bereits Tendenzen, die in diese Richtung deuten, auch wenn diese &#8222;St\u00e4mme&#8220; nicht im traditionellen, ethnisch-kulturellen Sinne zu verstehen sind. Je st\u00e4rker die Individualisierung, desto gr\u00f6\u00dfer das Bed\u00fcrfnis nach neuen Kollektiven.<\/p>\n<\/div>\n<\/div>\n\n\n\n<figure class=\"wp-block-audio\"><audio controls src=\"https:\/\/fuckthemchecker.ch\/wp-content\/uploads\/2025\/10\/Neo-Tribalismus__Chance_oder_Zersplitterung__Der_paradoxe_Weg_v.mp3\"><\/audio><\/figure>\n","protected":false},"excerpt":{"rendered":"<p>Marc Dutroux und Jeffrey Epstein: Parallelen und Spekulationen Das Thema um Jeffrey Epstein und sein Netzwerk mit globalen Eliten ist komplex, gepr\u00e4gt von juristischen Fakten, aber auch von zahlreichen Spekulationen. Um die Struktur dieses Netzwerks zu verstehen, hilft eine Aufarbeitung der verschiedenen Akteursgruppen.Auch die Parallelen zum Fall &#8222;Marc Dutroux&#8220; lassen aufhorchen. Der Petrodollar-Krieg: Wie W\u00e4hrungspolitik [&hellip;]<\/p>\n","protected":false},"author":1,"featured_media":0,"parent":0,"menu_order":0,"comment_status":"closed","ping_status":"closed","template":"","meta":{"footnotes":""},"class_list":["post-77","page","type-page","status-publish","hentry"],"_links":{"self":[{"href":"https:\/\/fuckthemchecker.ch\/index.php?rest_route=\/wp\/v2\/pages\/77","targetHints":{"allow":["GET"]}}],"collection":[{"href":"https:\/\/fuckthemchecker.ch\/index.php?rest_route=\/wp\/v2\/pages"}],"about":[{"href":"https:\/\/fuckthemchecker.ch\/index.php?rest_route=\/wp\/v2\/types\/page"}],"author":[{"embeddable":true,"href":"https:\/\/fuckthemchecker.ch\/index.php?rest_route=\/wp\/v2\/users\/1"}],"replies":[{"embeddable":true,"href":"https:\/\/fuckthemchecker.ch\/index.php?rest_route=%2Fwp%2Fv2%2Fcomments&post=77"}],"version-history":[{"count":26,"href":"https:\/\/fuckthemchecker.ch\/index.php?rest_route=\/wp\/v2\/pages\/77\/revisions"}],"predecessor-version":[{"id":325,"href":"https:\/\/fuckthemchecker.ch\/index.php?rest_route=\/wp\/v2\/pages\/77\/revisions\/325"}],"wp:attachment":[{"href":"https:\/\/fuckthemchecker.ch\/index.php?rest_route=%2Fwp%2Fv2%2Fmedia&parent=77"}],"curies":[{"name":"wp","href":"https:\/\/api.w.org\/{rel}","templated":true}]}}